ds digit of 478944388?
9
What is the thousands digit of 1483421136?
1
What is the units digit of 160542813?
3
What is the thousands digit of 80631882?
1
What is the hundred thousands digit of 202858995?
8
What is the ten millions digit of 36970708?
3
What is the hundred millions digit of 142170589?
1
What is the ten millions digit of 17064859?
1
What is the ten millions digit of 787801658?
8
What is the thousands digit of 227745710?
5
What is the ten millions digit of 2151627292?
5
What is the hundreds digit of 42592943?
9
What is the millions digit of 4010502?
4
What is the units digit of 351476312?
2
What is the units digit of 8511142?
2
What is the units digit of 6658060724?
4
What is the thousands digit of 43967445?
7
What is the units digit of 2954767362?
2
What is the ten millions digit of 95698101?
9
What is the billions digit of 9599112486?
9
What is the hundred thousands digit of 51256399?
2
What is the millions digit of 381448927?
1
What is the tens digit of 724661814?
1
What is the ten millions digit of 1175491313?
7
What is the thousands digit of 852650301?
0
What is the hundred thousands digit of 43743544?
7
What is the millions digit of 895370537?
5
What is the hundreds digit of 51420240?
2
What is the hundreds digit of 2129307100?
1
What is the millions digit of 51342851?
1
What is the ten millions digit of 813403828?
1
What is the millions digit of 127517010?
7
What is the hundreds digit of 1207016039?
0
What is the ten thousands digit of 22645947?
4
What is the thousands digit of 304611?
4
What is the thousands digit of 931173757?
3
What is the thousands digit of 2762045962?
5
What is the units digit of 205654101?
1
What is the ten thousands digit of 28485917?
8
What is the ten thousands digit of 90790583?
9
What is the hundred thousands digit of 354854155?
8
What is the ten millions digit of 1434715912?
3
What is the millions digit of 1582411960?
2
What is the hundreds digit of 8877621?
6
What is the tens digit of 3016167912?
1
What is the tens digit of 39100491?
9
What is the hundreds digit of 3287783674?
6
What is the hundred thousands digit of 2105096535?
0
What is the millions digit of 281794918?
1
What is the ten millions digit of 65196555?
6
What is the ten thousands digit of 5756590124?
9
What is the hundred thousands digit of 22039599?
0
What is the hundred millions digit of 3748721471?
7
What is the ten thousands digit of 6287510350?
1
What is the hundreds digit of 1933207559?
5
What is the ten millions digit of 441205251?
4
What is the tens digit of 1389580052?
5
What is the thousands digit of 17282559?
2
What is the ten millions digit of 127397716?
2
What is the units digit of 26360709?
9
What is the ten millions digit of 226522987?
2
What is the millions digit of 222837444?
2
What is the thousands digit of 154067030?
7
What is the units digit of 1772586439?
9
What is the tens digit of 4728153964?
6
What is the units digit of 2527338158?
8
What is the ten millions digit of 787597779?
8
What is the hundreds digit of 446530899?
8
What is the millions digit of 50763664?
0
What is the units digit of 476932854?
4
What is the hundreds digit of 1014815125?
1
What is the units digit of 607933697?
7
What is the millions digit of 146164436?
6
What is the billions digit of 7345336218?
7
What is the thousands digit of 33317033?
7
What is the ten thousands digit of 18864412?
6
What is the millions digit of 17569348?
7
What is the thousands digit of 24744764?
4
What is the thousands digit of 448744816?
4
What is the hundred millions digit of 6567757580?
5
What is the thousands digit of 9634110?
4
What is the ten thousands digit of 86493270?
9
What is the ten thousands digit of 73707236?
0
What is the ten millions digit of 133877708?
3
What is the units digit of 59968938?
8
What is the millions digit of 48460886?
8
What is the thousands digit of 50692021?
2
What is the units digit of 62670214?
4
What is the hundreds digit of 87134289?
2
What is the tens digit of 3672001223?
2
What is the hundred millions digit of 837549577?
8
What is the ten thousands digit of 2531351478?
5
What is the ten millions digit of 1296773207?
9
What is the hundred millions digit of 222526184?
2
What is the hundred thousands digit of 307011684?
0
What is the thousands digit of 43433851?
3
What is the ten millions digit of 398379134?
9
What is the ten thousands digit of 4473410633?
1
What is the thousands digit of 3478742868?
2
What is the millions digit of 26220461?
6
What is the hundred millions digit of 2741399177?
7
What is the hundred millions digit of 165078585?
1
What is the tens digit of 30027697?
9
What is the hundred thousands digit of 2530317383?
3
What is the hundred thousands digit of 415745502?
7
What is the hundreds digit of 97014858?
8
What is the units digit of 1980775862?
2
What is the units digit of 210067623?
3
What is the hundred thousands digit of 220862422?
8
What is the hundred millions digit of 416351516?
4
What is the tens digit of 3260428216?
1
What is the ten thousands digit of 46917513?
1
What is the hundreds digit of 3462038981?
9
What is the thousands digit of 2812725621?
5
What is the tens digit of 2286711896?
9
What is the hundred thousands digit of 69040908?
0
What is the ten millions digit of 319219509?
1
What is the millions digit of 134159529?
4
What is the ten thousands digit of 26365239?
6
What is the hundred thousands digit of 22583143?
5
What is the ten millions digit of 102765563?
0
What is the hundreds digit of 31166470?
4
What is the tens digit of 80981575?
7
What is the billions digit of 1630171184?
1
What is the tens digit of 491136735?
3
What is the hundred thousands digit of 97385713?
3
What is the ten thousands digit of 112831808?
3
What is the millions digit of 87156377?
7
What is the tens digit of 3340802569?
6
What is the hundreds digit of 2151199242?
2
What is the ten millions digit of 67267778?
6
What is the ten thousands digit of 69631163?
3
What is the units digit of 345573917?
7
What is the hundreds digit of 630125015?
0
What is the hundreds digit of 2965349662?
6
What is the thousands digit of 13298358?
8
What is the ten thousands digit of 261815871?
1
What is the millions digit of 1838193372?
8
What is the thousands digit of 66094579?
4
What is the tens digit of 310273017?
1
What is the ten thousands digit of 5300683092?
8
What is the ten millions digit of 31498792?
3
What is the tens digit of 400972731?
3
What is the units digit of 3401705925?
5
What is the tens digit of 1951921313?
1
What is the ten thousands digit of 342368768?
6
What is the hundred thousands digit of 379079347?
0
What is the tens digit of 73968391?
9
What is the ten millions digit of 82455765?
8
What is the ten millions digit of 171460972?
7
What is the hundred thousands digit of 3673453?
6
What is the tens digit of 44732891?
9
What is the units digit of 60787977?
7
What is the billions digit of 2342937392?
2
What is the hundred millions digit of 306356690?
3
What is the hundred thousands digit of 779523974?
5
What is the ten thousands digit of 134640693?
4
What is the ten thousands digit of 117713080?
1
What is the ten millions digit of 208772169?
0
What is the hundreds digit of 11966548?
5
What is the hundred thousands digit of 1822696935?
6
What is the ten millions digit of 905256673?
0
What is the millions digit of 5520280059?
0
What is the hundreds digit of 37537320?
3
What is the ten thousands digit of 87955869?
5
What is the units digit of 3297320?
0
What is the ten millions digit of 19018428?
1
What is the ten millions digit of 30414137?
3
What is the tens digit of 2422932111?
1
What is the hundred thousands digit of 198523380?
5
What is the tens digit of 7101757?
5
What is the hundred thousands digit of 455111254?
1
What is the hundred millions digit of 5587799162?
5
What is the ten millions digit of 3709460109?
0
What is the billions digit of 7500302622?
7
What is the millions digit of 125574512?
5
What is the hundred thousands digit of 162715858?
7
What is the units digit of 48959412?
2
What is the ten millions digit of 310944961?
1
What is the hundred thousands digit of 4613214555?
2
What is the tens digit of 3696777288?
8
What is the ten millions digit of 364326998?
6
What is the tens digit of 385309090?
9
Wh